 - 19. Calculate the highest common divisor of 209 and q.
19
Let f = 14 + -6. What is the greatest common divisor of f and 48?
8
Suppose -q = -3*s + 5 + 5, 0 = -2*q + s - 35. Let f = q - -64. Let k(a) = a**3 - 2*a**2 - a + 3. Let o be k(3). What is the greatest common factor of o and f?
9
Let u be (1/2)/(3/54). Suppose u*f - 6*f - 147 = 0. Let w(x) = x**3 + 4*x**2 - 1. Let b be w(-2). What is the greatest common factor of f and b?
7
Let t(f) = 4*f + 3. Let l be t(-2). Let s = l + 12. Suppose 5*m - 84 - 231 = 0. Calculate the greatest common divisor of s and m.
7
Let f(h) = h**2 + h - 2. Let l be f(5). Calculate the greatest common divisor of 56 and l.
28
Let p = -10 - -9. Let c = p - -29. Calculate the greatest common factor of 56 and c.
28
Let k = -4 + 8. Suppose 3 = -3*u + 6*u, 0 = -4*y - 4*u + 16. Suppose -y*o = -75 - 9. Calculate the greatest common factor of k and o.
4
Let d = 15 - 10. Let c(z) = z**3 - 3*z**2 - 9*z. Let o be c(d). Calculate the greatest common factor of 1 and o.
1
Let c = 1516 + -1076. Calculate the greatest common divisor of c and 44.
44
Suppose 2*n + t - 12 = 0, -n + 5*t + 0 = -6. Suppose -3*h - n = -42. Let r be (-6)/4 - 126/(-4). Calculate the greatest common factor of h and r.
6
Let i = 43 + -29. Let v = 10 - -18. Calculate the greatest common divisor of i and v.
14
Let q = -4 - -11. Suppose 2*m = 4 - 24. Let x be (-682)/(-14) - m/35. Calculate the greatest common divisor of x and q.
7
Let c = 12 + -7. Suppose l + 60 = c*l. Calculate the greatest common divisor of 3 and l.
3
Suppose -3*a + 10 = -a. What is the greatest common divisor of a and 5?
5
Let u be (48/9)/(4/90). What is the greatest common divisor of u and 15?
15
Suppose -18*w = -4*w - 518. What is the highest common divisor of 407 and w?
37
Let l be 10 + 1 + -3 - (35 + -33). Suppose 2*c - 5*c + 6 = 0. Suppose c*i - 120 = -3*i. What is the greatest common divisor of l and i?
6
Let f(w) = -1 + 0*w**3 - w**3 + 6*w**2 - w + 6*w. Let o be f(5). Let l(b) = -7*b**3 + b**2 - 1. Let q be l(-1). What is the highest common factor of q and o?
7
Let j be (12/(-1))/(-3) - 0. Suppose -2 - 26 = -j*h. Calculate the highest common factor of 21 and h.
7
Let v = 2 - -1. Suppose 5*x - 397 - v = 0. Calculate the greatest common divisor of x and 8.
8
Let q = 0 - -3. Suppose -k + 15 = -q*z, -4*k + 3*z + 90 = z. Calculate the greatest common factor of 36 and k.
12
Let r(a) = 127*a - 2. Let n be r(1). What is the highest common factor of n and 5?
5
Suppose -1 = o + 5. Let p = 11 + o. Calculate the highest common factor of p and 5.
5
Suppose -18 - 7 = -b. Calculate the greatest common divisor of b and 200.
25
Let t be (-60)/24*(-2)/1. Let m = 14 - t. Calculate the highest common divisor of m and 81.
9
Let y = 16 - 10. Let k = -33 + 75. Calculate the greatest common factor of y and k.
6
Suppose 3*s = -5*i + 65, -s + 3 - 24 = -i. Let p(c) = c**2 - c + 2. Let a be p(-5). Calculate the highest common divisor of a and i.
16
Let w(t) = -5*t - 8. Let l be w(-4). Calculate the highest common factor of 12 and l.
12
Let j be 74/6 + 2/3. Suppose 15 = -5*r, -v = v + 5*r + 11. Suppose 0 = -v*q - q + 2*h + 41, -4*h = 5*q - 61. What is the greatest common factor of q and j?
13
Let j = 0 + 0. Suppose -r + 7 = -j*r. Let w be -2*1/4*-14. What is the highest common divisor of w and r?
7
Let j(y) = -y + 28. Let b be j(0). What is the highest common factor of 4 and b?
4
Suppose -5*n + 22 - 7 = 0. Suppose h + 2*d - 9 = 0, 16 = 2*h - n*d - 16. Suppose 5*a - h - 13 = -l, -a = -3*l - 2. What is the highest common factor of l and 4?
1
Let r be 34*(2/(-13) + 1710/468). What is the highest common factor of 34 and r?
17
Let j be (2 - 2) + 96 + 0. What is the greatest common divisor of j and 24?
24
Let r = 16 + -13. Suppose -u - 91 = -n, -r*u + 124 - 17 = n. What is the highest common divisor of n and 19?
19
Let n = 1 + 5. Suppose -l = -n*l + 140. Let o = -1 - -43. What is the greatest common divisor of o and l?
14
Suppose 0*m - 3*x = 3*m - 33, -3*x = -5*m + 95. What is the highest common divisor of 4 and m?
4
Let k(h) = -5*h + 5. Let j be k(8). Let s be (-2 - -3)*j*1. Let i be (-10)/s - (-1307)/7. What is the greatest common factor of i and 17?
17
Let x be (2/(-3))/(6/(-27)). Suppose 2*f - 67 = x*o, -4*f - 5*o + 132 + 13 = 0. Suppose -62 - 8 = -5*i. What is the greatest common factor of i and f?
7
Let m(g) = -2*g - 4. Let b be m(-4). What is the greatest common factor of 44 and b?
4
Suppose 0 = -m + 2*m - 15. Suppose -5*c - 2*z = -5*z - 594, -3*c = -3*z - 354. Calculate the highest common divisor of c and m.
15
Let x(b) be the second derivative of -b**3 - 19*b**2/2 - 11*b. Let c be x(-8). What is the greatest common divisor of c and 145?
29
Let l(x) = 20*x - 2 - 7*x + 11*x. Let d be l(3). Let c = 8 + 6. Calculate the greatest common factor of d and c.
14
Suppose 126 = 12*g + 18. What is the greatest common divisor of 1 and g?
1
Let g(a) = 64*a**2 - a + 2. Let q be g(1). What is the highest common factor of q and 26?
13
Let g = 262 + -157. What is the greatest common divisor of g and 21?
21
Suppose 89*z + 57 = 92*z. Let r be (-3)/(-12) + (-606)/(-8). Calculate the highest common divisor of z and r.
19
Let b be (-3)/(-9) - (105/(-9) - -1). Let p = 85 + -61. Let j = p + -13. What is the highest common divisor of j and b?
11
Suppose -h + 0 + 1 = 0. Let v = h + 0. Suppose 5*o = 3*r + 25, -5*o = -2*o - 2*r - 15. Calculate the highest common divisor of v and o.
1
Let n = 8 - 3. Let r(f) = f**2 - f. Let w be r(5). Calculate the highest common divisor of n and w.
5
Suppose -6*q + 3*o = -2*q - 160, 5*o - 91 = -3*q. What is the highest common factor of q and 259?
37
Let p be (3/4)/(1/12). Let t(u) = -u + 3*u + 89 + 0*u - 102. Let w be t(p). Calculate the highest common factor of 55 and w.
5
Let m = 5 + 3. Let d be ((-32)/8)/((-1)/8). Calculate the greatest common factor of d and m.
8
Suppose 0 = -q - 3*s - 2 - 7, -2*q + 2 = 2*s. Suppose 3*j - 74 - 7 = 3*g, 5*g = -15. What is the greatest common factor of q and j?
6
Suppose 0 = 3*v - 5*w - 54, w + 4 - 53 = -2*v. Let r(i) = -23*i. Let n be r(-3). Calculate the greatest common factor of n and v.
23
Let q be -1 - (20/8 + 2)*-2. Calculate the highest common factor of q and 2.
2
Let z be 2*(-1 + 44/8). Calculate the highest common factor of 1 and z.
1
Suppose 13 = r + 4*f, -25 = -5*r + 2*r + 2*f. Let y = 0 + 6. Calculate the greatest common divisor of y and r.
3
Let i(g) = 0*g**2 - 3*g**2 + 3*g**2 + 5*g + g**3 - 6*g**2. Let b be i(6). Calculate the greatest common factor of 6 and b.
6
Suppose 0 = 3*b - 2*b. Suppose -6*z + 11*z - 10 = b. Calculate the greatest common divisor of 5 and z.
1
Suppose 2 = 6*b - 76. What is the highest common divisor of 104 and b?
13
Suppose 3*o - 5*o + 5*r = 0, 5*o + 2*r = 0. Suppose o = 2*f - 0*f - 80. What is the greatest common factor of f and 16?
8
Let j(z) = 5*z**2 + 2*z - 1. Let d be j(-2). What is the greatest common factor of 20 and d?
5
Let r(n) be the third derivative of n**5/60 + 13*n**4/24 - n**3/3 + 2*n**2. Let j be r(-15). Calculate the highest common factor of 7 and j.
7
Let m be (-4)/(-7) + (-7540)/(-35). Calculate the greatest common divisor of m and 27.
27
Let v(y) = -2*y**2 + y**2 - 5*y + 3*y**2 + 7*y - 2. Let f be v(-4). What is the greatest common factor of 11 and f?
11
Let k be ((-12)/4)/((-1)/8). Suppose -p = -j - 6, -p - 3 + 5 = 3*j. Suppose -5*m = p*n - 27 + 2, -5 = m - 4*n. Calculate the highest common divisor of k and m.
3
Suppose -4*y = y. Let g = 8 - y. Let d be 89 - (4/2)/2. What is the highest common divisor of d and g?
8
Let w(b) = -b + 2. Let i be w(2). Suppose i = 5*a + n - 158, 2*a - 3*n = 3*a - 26. Calculate the highest common divisor of 80 and a.
16
Let n be 18/10*(-40)/(-12). Let x be (-4)/6 - (-118)/n. Calculate the greatest common factor of 76 and x.
19
Suppose -20 = -4*g - g. Let m = -181 + 193. Calculate the highest common factor of m and g.
4
Let o be 2/(-6) + 13/3. What is the greatest common factor of 10 and o?
2
Suppose -6*c + 57 = -735. What is the greatest common divisor of c and 33?
33
Suppose 0 = 2*x - 4*z - 98, -4*x + 4*z - 5*z = -223. Calculate the highest common factor of 11 and x.
11
Let s(r) = -3*r**3 + r**2 + r. Let f = 4 + 2. Let h = -7 + f. Let d be s(h). What is the greatest common facto